s = 4*f - 5*o. Does 13 divide 0 + -1 - (-26 - f)?
True
Let o = -22 + 23. Let x = 10 - o. Is x a multiple of 4?
False
Let l = -21 + 56. Does 35 divide l?
True
Suppose -j + 92 = -22. Suppose 0 = 4*d - 70 - j. Suppose r - d = -17. Is r a multiple of 17?
False
Suppose 5*h - 3 = 4*h. Is h even?
False
Let d(t) = -t**2 + 10*t - 7. Let u be d(9). Suppose u*m + 0*m - 14 = -2*w, -3*w + 2*m + 46 = 0. Is w a multiple of 6?
True
Let r = -1 - -24. Does 2 divide r?
False
Let z = 2 + 2. Suppose -5*v + 6 + z = 0. Is v a multiple of 2?
True
Suppose 0 = k - 15 + 5. Is k a multiple of 5?
True
Suppose 67 = 5*y - 5*b - 58, -2*b = -y + 22. Is y a multiple of 10?
False
Suppose -3*v + 65 = -16. Does 27 divide v?
True
Let b(g) = -g + 3. Let c be b(6). Is -3*((-3 - 0) + c) a multiple of 8?
False
Suppose 2*l + 6 = 5*l, -5*y + 277 = -4*l. Suppose -y = -2*n + 1. Is 21 a factor of n?
False
Let m(j) = -1 - 2*j + 1. Let g = -6 - 0. Is m(g) a multiple of 6?
True
Suppose 0 = 3*c + 3*k + 15, -5*c = -c + 2*k + 10. Let p = 2 - c. Suppose 5*b + 78 = 4*q + 19, 10 = p*b. Is 14 a factor of q?
False
Let y = 133 + -94. Is y a multiple of 13?
True
Let j = -3 - -51. Is 8 a factor of j?
True
Let y(f) = f - 7. Let p be y(5). Let s be (-1)/(1/10*p). Suppose -35 + 175 = s*c. Is c a multiple of 10?
False
Let h(g) = -g**3 - 5*g**2 - 6*g - 1. Suppose 2*q = 5*m - 18, 5*m - 2 = 8. Is 7 a factor of h(q)?
True
Let y = 119 + -49. Suppose 5*j - y = 30. Does 20 divide j?
True
Suppose 2*m + 2*g = m + 13, 2*m = 4*g + 34. Let c = -7 + m. Suppose c = p - 3. Does 9 divide p?
False
Suppose 4*u - 251 = 305. Is 30 a factor of u?
False
Let l = -7 + 11. Suppose 4*m = l*d - 112, 0*m = -d - 2*m + 40. Is 8 a factor of d?
True
Suppose 5*v - 305 = -5*c + 105, -v - 4*c = -82. Suppose v = 3*t + 16. Does 16 divide t?
False
Suppose -13 = -u + 9. Suppose u = 4*s - 34. Is 7 a factor of s?
True
Let y be 15*-1*5/(-3). Suppose y + 23 = 3*v. Let h = v + -9. Does 7 divide h?
True
Suppose 39 + 12 = -3*j. Let v = 50 + j. Is 11 a factor of v?
True
Let b(f) = f + 2. Let m be b(2). Suppose -24 = -m*i + i. Does 4 divide i?
True
Let z(u) = u**2 + 2*u + 2*u**2 - 10*u - 4*u**2. Is z(-7) a multiple of 5?
False
Suppose 4*a - 34 = 42. Is a a multiple of 18?
False
Let w(q) = -1. Suppose 3 = t + f, 0 = -3*t + 3*f - 0 - 15. Let z(x) = -7*x + 3. Let i(r) = t*z(r) - 4*w(r). Is i(5) a multiple of 18?
True
Let d = 23 + -14. Does 5 divide d?
False
Let j = -385 - -252. Does 11 divide j/(-3) - (-4)/6?
False
Let n = 70 - 14. Does 8 divide n?
True
Let m(o) = o**3 + 6*o**2 + 4*o. Let n = 11 - 16. Let s be m(n). Suppose -3*j = -4*z - 53, 3*z = s*j - j - 73. Is 7 a factor of j?
False
Let c(d) = d**3 + 3*d - 2. Let q be c(2). Let h be 8/6 - 4/q. Does 3 divide 18/((-3)/(-1))*h?
True
Let h(d) = -2*d**3 - 6*d**2. Let p be 1/((-2)/52*2). Let j = 9 + p. Does 16 divide h(j)?
True
Let z(i) = i**3 + 4*i**2 + 4*i + 3. Suppose -o - 4*o - 15 = 0. Let t be z(o). Is 12 a factor of (3 + t)*(-52)/(-6)?
False
Let f(z) = -z**3 + 2. Suppose 4*v - j + 2 = -2, 0 = -3*v - 5*j + 20. Let p be f(v). Suppose -8 + p = -h. Does 3 divide h?
True
Let u(a) = -2*a + 17. Let m be u(7). Suppose 6*p - m*p - 30 = 0. Is 10 a factor of p?
True
Suppose -4*o + 27 = -3*d, d + 4 = 4*o - 5. Let x = d - -15. Is x a multiple of 6?
True
Let a(c) = -26*c**3 + 1. Is 16 a factor of a(-1)?
False
Suppose -6*c = -c - 55. Is 11 a factor of c?
True
Let p(x) = -x**3 - 5*x**2 + 7*x - 10. Is p(-8) a multiple of 21?
True
Let o(j) = -j**3 + 9*j**2 + 9*j + 10. Let h be o(10). Does 9 divide 3/3 + (h - -21)?
False
Let h be (3/6)/((-3)/42). Let u = 9 + h. Suppose 3*b = u*b + 30. Is b a multiple of 8?
False
Is 10 a factor of 2 - (-21 - (0 - -2))?
False
Let i(q) = q**3 + 4*q**2 + 4*q + 3. Let n be i(-3). Suppose n = -3*f - 41 + 110. Does 9 divide f?
False
Suppose 0 = -3*c - c. Suppose r = -3*l + 56 + 65, c = -2*l - r + 79. Is l a multiple of 19?
False
Suppose 0 = -94*o + 93*o + 16. Does 4 divide o?
True
Let j be (-3)/(-9) - (-62)/(-6). Let p = j + 13. Is p a multiple of 2?
False
Let a(c) = 46*c**2 + 2*c + 2. Let r(y) = y**2 + y + 1. Let q(x) = a(x) - r(x). Let o be (-4)/18 + (-14)/18. Is q(o) a multiple of 21?
False
Let p be (-1)/(5/2)*-15. Let g = p - 0. Suppose 2*y + 0 = g, -5*y + 27 = 4*j. Is j a multiple of 3?
True
Let u(g) = 2*g**3 - 2*g**2 - 3*g + 2. Let b be u(2). Suppose -2*q - 25 = -149. Suppose -b*f - 18 = -q. Is f a multiple of 4?
False
Suppose 0 = 3*l + 5*r + 21, 4*l + r + 4 + 24 = 0. Let a = -194 - -201. Does 9 divide (-2 + (-32)/l)*a?
True
Suppose -2*s + 5*f + 4 = 0, 2*f = -2*f. Suppose 18 = s*h - 8. Does 3 divide h?
False
Let m(k) = -4 + 2*k**2 + 6*k - 2 - 4. Is 13 a factor of m(-6)?
True
Let t = 11 - 19. Suppose a + 4*c + 2 = 0, -5*c - 36 = -a + 7. Let u = t + a. Does 6 divide u?
False
Let j(l) = 44*l**2. Does 9 divide j(-1)?
False
Does 13 divide (-8 - -4 - -6) + 58?
False
Let z = 68 + -42. Does 26 divide z?
True
Let i(h) = -h**2 - 2*h + 3. Let r be i(-3). Let t be 8 - (0 - (2 + -1)). Suppose r = -5*q + b + 171, t*b - 4*b = -5. Does 15 divide q?
False
Let q = 10 - -3. Does 2 divide q?
False
Let u be (-18)/(-4) - (-6)/(-12). Suppose -u = 4*n + 4*s - 56, 3*s = -5*n + 59. Is 10 a factor of n?
True
Suppose -5*g + 0 + 35 = -4*s, 0 = -5*g - 5*s + 35. Does 3 divide g?
False
Suppose -m = -3 - 1. Is m a multiple of 2?
True
Let m(n) be the first derivative of -n**7/280 - n**6/120 - n**5/30 - n**4/12 - 2*n**3/3 - 2. Let u(i) be the third derivative of m(i). Is 15 a factor of u(-2)?
False
Let d(j) = j**3 + 7*j**2 + 6*j - 5. Let u be d(-6). Let x = u - -12. Is 4 a factor of x?
False
Let d = -2 - -12. Suppose 2*s - d = 2*w - 2*s, 2*w + 2*s = 14. Is w a multiple of 3?
True
Suppose -4*g + 134 = 22. Is 27 a factor of 749/g - (-1)/4?
True
Let d = 0 + -3. Let b be 6/((-3)/(d*1)). Suppose -t + 39 = 5*g, -5*g + g + b = -t. Is t a multiple of 7?
True
Suppose -10 - 2 = -3*k. Is 2 a factor of k?
True
Suppose 3*i + 8 = 56. Is i + 0/3 + -2 a multiple of 7?
True
Suppose -g + 11 - 2 = 0. Does 9 divide g?
True
Suppose -m - 4*m = -30. Does 3 divide m?
True
Is 10 a factor of 19/((-10)/(-15)*(-9)/(-30))?
False
Suppose 0 = 4*t - 0*t - 20, -4*n + 7 = -t. Suppose n*k - 6 = -3. Is (k/(-5) + 1)*20 a multiple of 15?
False
Let a(b) = -b**2 - 26*b + 40. Does 22 divide a(-24)?
True
Suppose -3*l + 13 + 107 = 3*g, g - 84 = -2*l. Does 22 divide l?
True
Suppose 5*z + 7 = 27. Suppose z*o - 4 - 72 = 0. Is o a multiple of 4?
False
Let o(n) = 5*n + 13. Is 9 a factor of o(10)?
True
Is (6/(-4))/((-4)/24) a multiple of 3?
True
Suppose -2*i = -i. Suppose i = s - 4 - 7. Is s a multiple of 10?
False
Suppose 2*g - 7*g + 540 = 0. Is 27 a factor of g?
True
Let n(w) = -w**3 - 3*w**2 - 5*w - 4. Does 18 divide n(-4)?
False
Let z = 5 + -4. Let g be -3*-5*z/3. Suppose l - 1 = g. Is 4 a factor of l?
False
Let t = -17 + 5. Let o(d) = -d**2 - 13*d + 15. Is o(t) a multiple of 27?
True
Is 17 a factor of (9/12)/(3/72)?
False
Suppose -4*s = -s - 2*n - 47, -s = n - 9. Suppose 10 = -2*v, -2*a + 12 + s = 5*v. Is 9 a factor of a?
False
Suppose -w - 1 - 6 = 0. Let x(y) = -y. Let i be x(w). Suppose -i*d = -3*d - 5*l - 66, -3*l = 6. Is d a multiple of 7?
True
Suppose 0 = -0*j - 3*j + 2*d + 232, d = -5*j + 365. Is 34 a factor of j?
False
Suppose 3*m - 521 - 557 = -5*t, -1418 = -4*m + 3*t. Is 49 a factor of m?
False
Suppose 5*o + 3 = 2*w + 17, -4*o + 4 = 2*w. Suppose -u + 3*u + o = 0. Is u + 2 + (1 - -1) a multiple of 3?
True
Let n(z) = 4*z**3 + 10*z**2 + z - 2. Let u(r) = -5*r**3 - 11*r**2 + 3. Let b(o) = 4*n(o) + 3*u(o). Let i be ((-1)/2)/(2/24). Is 13 a factor of b(i)?
True
Let k(d) = -12*d**2 + 3*d**2 + 8*d**2 - 6*d + 4. Let m be k(-6). Suppose 3*l - 29 = -3*b + 16, m*l = 0. Does 15 divide b?
True
Suppose -2*f + 7*f - 20 = 0. Suppose -f*n + 93 = -27. Does 16 divide n + 1 + (-3)/(-3)?
True
Let a(x) = 25*x - 3. Let s(t) = -t + 1. Let k(h) = -a(h) - 6*s(h). Let l be k(-2). Suppose -6*u + u = -l. Is 7 a factor of u?
True
Let a(c) = c**2 - 3. Let b = -16 - -19. Is a(b) even?
True
Suppose h + 3 = 0, s + 3*h - 7 = -s. Does 19 divide (-190)/4*s/(-10)?
True
Suppose 608 = 2*h + 2*h. Does 32 divide h?
False
Suppose -5*v + 6 = 26. Is (-38)/v + (-2)/(-4) a multiple of 7?
False
Let q be 1/2*-2*-2. Suppose -3 = -q*m + 1. Let i = m - -10. Is 7 a factor of i?
False
Let o(t) = t**2 - t - 